is divided by 875.
14
What is the remainder when 1059 is divided by 9?
6
What is the remainder when 2808 is divided by 97?
92
Calculate the remainder when 690 is divided by 77.
74
What is the remainder when 7 is divided by 1?
0
Calculate the remainder when 1327 is divided by 19.
16
Calculate the remainder when 1508 is divided by 187.
12
What is the remainder when 109 is divided by 57?
52
What is the remainder when 53 is divided by 11?
9
Calculate the remainder when 4614 is divided by 10.
4
Calculate the remainder when 735 is divided by 32.
31
What is the remainder when 192 is divided by 134?
58
Calculate the remainder when 555 is divided by 18.
15
Calculate the remainder when 142 is divided by 33.
10
Calculate the remainder when 448 is divided by 214.
20
Calculate the remainder when 16542 is divided by 32.
30
What is the remainder when 171 is divided by 6?
3
Calculate the remainder when 433 is divided by 22.
15
Calculate the remainder when 130 is divided by 50.
30
What is the remainder when 99 is divided by 98?
1
What is the remainder when 131 is divided by 18?
5
Calculate the remainder when 14635 is divided by 287.
285
Calculate the remainder when 5415 is divided by 63.
60
Calculate the remainder when 62 is divided by 9.
8
Calculate the remainder when 116 is divided by 55.
6
Calculate the remainder when 329 is divided by 11.
10
What is the remainder when 485 is divided by 3?
2
Calculate the remainder when 121 is divided by 107.
14
Calculate the remainder when 1596 is divided by 64.
60
Calculate the remainder when 2422 is divided by 301.
14
What is the remainder when 178 is divided by 30?
28
Calculate the remainder when 1023 is divided by 276.
195
What is the remainder when 26092 is divided by 85?
82
What is the remainder when 636 is divided by 29?
27
Calculate the remainder when 129 is divided by 13.
12
What is the remainder when 135 is divided by 17?
16
Calculate the remainder when 46 is divided by 35.
11
What is the remainder when 51 is divided by 8?
3
Calculate the remainder when 850 is divided by 111.
73
Calculate the remainder when 84 is divided by 47.
37
Calculate the remainder when 873 is divided by 287.
12
What is the remainder when 3816 is divided by 635?
6
Calculate the remainder when 23497 is divided by 21.
19
What is the remainder when 7037 is divided by 227?
0
What is the remainder when 3023 is divided by 178?
175
Calculate the remainder when 790 is divided by 13.
10
Calculate the remainder when 984 is divided by 197.
196
What is the remainder when 26 is divided by 25?
1
Calculate the remainder when 346 is divided by 27.
22
What is the remainder when 177 is divided by 15?
12
Calculate the remainder when 298 is divided by 30.
28
Calculate the remainder when 429 is divided by 16.
13
Calculate the remainder when 412 is divided by 18.
16
What is the remainder when 380 is divided by 24?
20
What is the remainder when 843 is divided by 8?
3
What is the remainder when 367 is divided by 22?
15
What is the remainder when 165 is divided by 58?
49
What is the remainder when 20329 is divided by 190?
189
Calculate the remainder when 808 is divided by 399.
10
Calculate the remainder when 281 is divided by 51.
26
Calculate the remainder when 225 is divided by 30.
15
Calculate the remainder when 141 is divided by 12.
9
Calculate the remainder when 79 is divided by 29.
21
What is the remainder when 135 is divided by 6?
3
What is the remainder when 84 is divided by 45?
39
What is the remainder when 74 is divided by 21?
11
Calculate the remainder when 586 is divided by 14.
12
What is the remainder when 763 is divided by 100?
63
What is the remainder when 92 is divided by 16?
12
What is the remainder when 94 is divided by 83?
11
What is the remainder when 181 is divided by 28?
13
Calculate the remainder when 227 is divided by 13.
6
What is the remainder when 9473 is divided by 92?
89
What is the remainder when 292 is divided by 21?
19
Calculate the remainder when 206 is divided by 30.
26
Calculate the remainder when 131 is divided by 42.
5
Calculate the remainder when 63 is divided by 27.
9
What is the remainder when 390 is divided by 199?
191
What is the remainder when 33 is divided by 4?
1
What is the remainder when 295 is divided by 147?
1
Calculate the remainder when 1407 is divided by 22.
21
Calculate the remainder when 304 is divided by 139.
26
Calculate the remainder when 1005 is divided by 56.
53
What is the remainder when 3237 is divided by 116?
105
What is the remainder when 2414 is divided by 23?
22
What is the remainder when 3630 is divided by 93?
3
Calculate the remainder when 710 is divided by 145.
130
What is the remainder when 5939 is divided by 24?
11
Calculate the remainder when 15758 is divided by 40.
38
What is the remainder when 271 is divided by 17?
16
Calculate the remainder when 100 is divided by 18.
10
Calculate the remainder when 723 is divided by 104.
99
What is the remainder when 960 is divided by 47?
20
Calculate the remainder when 88 is divided by 9.
7
What is the remainder when 4322 is divided by 39?
32
Calculate the remainder when 243 is divided by 69.
36
Calculate the remainder when 358 is divided by 49.
15
Calculate the remainder when 2415 is divided by 1207.
1
Calculate the remainder when 743 is divided by 369.
5
Calculate the remainder when 153 is divided by 131.
22
Calculate the remainder when 591 is divided by 108.
51
Calculate the remainder when 530 is divided by 41.
38
What is the remainder when 588 is divided by 128?
76
What is the remainder when 923 is divided by 257?
152
Calculate the remainder when 53 is divided by 8.
5
Calculate the remainder when 927 is divided by 309.
0
What is the remainder when 1707 is divided by 122?
121
Calculate the remainder when 317 is divided by 98.
23
Calculate the remainder when 5071 is divided by 89.
87
Calculate the remainder when 44 is divided by 23.
21
Calculate the remainder when 265 is divided by 67.
64
What is the remainder when 387 is divided by 80?
67
What is the remainder when 379 is divided by 79?
63
Calculate the remainder when 592 is divided by 582.
10
Calculate the remainder when 1232 is divided by 103.
99
What is the remainder when 188 is divided by 56?
20
What is the remainder when 188 is divided by 30?
8
What is the remainder when 196 is divided by 11?
9
Calculate the remainder when 360 is divided by 115.
15
Calculate the remainder when 1720 is divided by 355.
300
What is the remainder when 1050 is divided by 128?
26
Calculate the remainder when 252 is divided by 32.
28
Calculate the remainder when 3107 is divided by 37.
36
What is the remainder when 1003 is divided by 24?
19
What is the remainder when 15191 is divided by 36?
35
What is the remainder when 940 is divided by 64?
44
Calculate the remainder when 3728 is divided by 1239.
11
Calculate the remainder when 634 is divided by 26.
10
Calculate the remainder when 2033 is divided by 7.
3
What is the remainder when 640 is divided by 314?
12
What is the remainder when 217 is divided by 21?
7
What is the remainder when 179 is divided by 46?
41
Calculate the remainder when 1457 is divided by 211.
191
Calculate the remainder when 86 is divided by 44.
42
Calculate the remainder when 243 is divided by 89.
65
What is the remainder when 187 is divided by 18?
7
Calculate the remainder when 604 is divided by 54.
10
What is the remainder when 98 is divided by 30?
8
What is the remainder when 11 is divided by 10?
1
What is the remainder when 307 is divided by 159?
148
What is the remainder when 53 is divided by 14?
11
What is the remainder when 408 is divided by 104?
96
What is the remainder when 127 is divided by 33?
28
What is the remainder when 94 is divided by 78?
16
Calculate the remainder when 32 is divided by 9.
5
Calculate the remainder when 401 is divided by 13.
11
Calculate the remainder when 27 is divided by 20.
7
What is the remainder when 223 is divided by 6?
1
Calculate the remainder when 27303 is divided by 222.
219
Calculate the remainder when 7618 is divided by 15.
13
Calculate the remainder when 271 is divided by 150.
121
What is the remainder when 143 is divided by 48?
47
Calculate the remainder when 126 is divided by 30.
6
What is the remainder when 334 is divided by 52?
22
Calculate the remainde